*j, -5*i = -4*j - i + 8. What are the prime factors of (-18)/4*(-7 - j)?
3
Let y(k) = 381*k - 3. Let s be y(1). Suppose s = 2*g - p, -g - 5*p + 378 = g. List the prime factors of g.
3, 7
Suppose 4*m + 39 = 3*u, -4*u - 20*m + 25*m = -53. Let g(h) = h**3 + h**2 - h - 2. Let x be g(-2). Let t = u - x. List the prime factors of t.
3, 7
Let r(u) = 129*u**2 - 2*u + 3. Let d(f) = 386*f**2 - 7*f + 10. Let v(t) = -2*d(t) + 7*r(t). What are the prime factors of v(1)?
2, 3, 11
Let c(h) = 16*h**2 + 71*h + 11. What are the prime factors of c(-9)?
2, 167
Let x = 53 + -14. Let l be (22/(-8))/(38/152). Let v = l + x. What are the prime factors of v?
2, 7
Let t(y) = 5 - 3*y + 6 + 11 + 4*y. What are the prime factors of t(-12)?
2, 5
Suppose 11*f - 15*f - 72 = 0. Let k = -12 - f. What are the prime factors of k?
2, 3
Let o = -313 + 799. What are the prime factors of o?
2, 3
Let h be (-5)/3 + 176/48. Suppose -h*p + 358 = 110. List the prime factors of p.
2, 31
Let p(x) = -2*x. Suppose 3*f + n + 1 = 2*f, -5*n - 1 = 3*f. Let o be p(f). Suppose 4*t - 79 = 5*s, -4*s = o*t - 5*t + 6. List the prime factors of t.
2, 13
Suppose -6*n = -14 - 28. What are the prime factors of n/(-21)*-2 - (-20)/6?
2
List the prime factors of -6 + -6*(-87)/9.
2, 13
Let x = -48 - -68. Let s = x + -15. Suppose 5*q = -10, 5*y + 2*q - 91 = s*q. List the prime factors of y.
17
Let h(v) = -3*v + 134. List the prime factors of h(21).
71
Let z = -160 - 35. What are the prime factors of (64/(-10))/(26/z)?
2, 3
Let k(z) = 8*z + 8. Let p(x) be the first derivative of -x**2 - 2*x + 4. Let l(w) = -2*k(w) - 9*p(w). List the prime factors of l(5).
2, 3
Let g = 766 + -339. What are the prime factors of g?
7, 61
Let h = 9 - -75. Suppose -80*j + h*j - 36 = 0. What are the prime factors of j?
3
Let k be (-1*(3 - 1))/((-4)/290). Let t = k + -69. List the prime factors of t.
2, 19
Let b(r) = -r**3 + 14*r**2 + 14*r - 21. Let q be b(15). Let m be (q/(-8) + 3)*4. What are the prime factors of 1/(1 - 0)*m?
2, 3, 5
Let d = -9 - -11. Let s(x) = -x**2 + 11*x - 9. Let n be s(8). Suppose d*p + p + n = 0, 5*a - p = 260. What are the prime factors of a?
3, 17
Suppose -5*f = 3*d + 4, -2*d + 2*f = -3 - 5. Let y be 1/(d/2)*2. Suppose y*u - 102 = -2. List the prime factors of u.
2, 5
Suppose 0 = -6*u + 3677 + 2959. List the prime factors of u.
2, 7, 79
Let k = 2276 + -1623. What are the prime factors of k?
653
Suppose -4*p + 45 = -3*o, -3*o + 2*p + 19 = 58. What are the prime factors of -3 - (4 + 0)*o?
41
Let z(c) = 27*c - 14. Let o be z(6). Suppose 4*d + 0*f - 286 = f, -2*d + 3*f = -o. List the prime factors of d.
71
Suppose w + 1578 = 5*w + 2*u, 0 = 2*w - 2*u - 792. List the prime factors of w.
5, 79
Let k = -96 + 5344. What are the prime factors of k?
2, 41
Let x(g) = 7*g - 7. Let u be x(3). Let w = 50 - u. What are the prime factors of w?
2, 3
Let i(a) = -12*a**2 + 0*a**2 - 4*a - a**3 - 4 + 21*a**2. Suppose 8 = -z + 2*z. List the prime factors of i(z).
2, 7
What are the prime factors of (2 + 1 - (10 + -6))*-13?
13
Let b = 3 + 1. Suppose 2 = -2*w + b, -2*w = -4*k + 10. Suppose k*r - 5*h = -14, -r + h + 0 = 2. What are the prime factors of r?
2
Let f(i) = -7*i - 29. What are the prime factors of f(-38)?
3, 79
Suppose k - 1 = -2*v, -2*k - 3*k + 40 = 3*v. Suppose -3*s + 2 = k, s = h - 106. List the prime factors of h.
103
Suppose -66*u + 2295 + 21333 = 0. List the prime factors of u.
2, 179
Suppose 1954 = 5*d - 1831. List the prime factors of d.
757
Let g(h) = -17*h - 5. Let x(v) be the third derivative of -2*v**4/3 - v**3 - 5*v**2. Let n(f) = 3*g(f) - 2*x(f). List the prime factors of n(-2).
5, 7
Let l(f) = f**2 + 7*f - 4. Let y be l(6). Suppose -31*q + y = -29*q. What are the prime factors of q?
37
Let f be (-5)/(5/(-2)) - 0. Suppose f*y + 0*y = 6. Suppose -g = -4*h - 29 + y, 4*h = -4*g + 204. List the prime factors of g.
2, 23
Let q be -162*((-8)/12 + -1). Suppose 42 - q = -4*c. List the prime factors of c.
3, 19
Let p(f) = 39*f**2 + 15*f + 94. List the prime factors of p(-7).
2, 5, 19
Let g = 3981 + -2251. What are the prime factors of g?
2, 5, 173
What are the prime factors of ((-15026)/6 - -1)*222/(-185)?
2, 751
Let h = 309 - 212. What are the prime factors of h?
97
Let o = -3461 - -5888. What are the prime factors of o?
3, 809
Let x = -31 - -3. Let b = x + 59. Suppose -2*f - o + 73 - 14 = 0, -f + o + b = 0. What are the prime factors of f?
2, 3, 5
Let t = -5862 + 8900. What are the prime factors of t?
2, 7, 31
Let z(d) be the second derivative of d**4/12 - 7*d**3/6 + 2*d**2 - 5*d. Let a be z(7). Suppose -2*v = -a - 52. What are the prime factors of v?
2, 7
Let h(u) = -2*u**3 + 12*u**2 + 2*u + 1. Let d(j) = 7*j**2 - 3*j + 1. Let w be d(1). What are the prime factors of h(w)?
61
Let r(v) = 5*v - 4*v - 3 - 8*v. Let o be r(-2). Suppose -23 = -2*f + o. What are the prime factors of f?
17
Let f = 21 - 27. Let t(g) = -g**2 - 7*g - 4. Let h be t(f). Suppose q - 12 = -h*q. What are the prime factors of q?
2
Suppose 26642 = 21*g - 27790. List the prime factors of g.
2, 3
Suppose -w = 5*w + 144. Let l be (-18)/w - 21/(-4). Suppose -10 + 34 = l*z. List the prime factors of z.
2
Suppose -12*w = 8*w - 3060. List the prime factors of w.
3, 17
What are the prime factors of -12 + 1367 + (-6)/2?
2, 13
Let c = 5 + -19. Let t = 20 + c. What are the prime factors of t?
2, 3
What are the prime factors of 65/25 - 2 - (-67)/5?
2, 7
Let y = -1 - 14. Let t = y + 17. Suppose d = -t*d + 75. What are the prime factors of d?
5
Let l(p) = -3*p**2 - 11*p - 26. Let z(h) = 2*h**2 + 7*h + 17. Let y(f) = 5*l(f) + 7*z(f). Let m be y(-6). Let b = 47 + m. List the prime factors of b.
2, 3
Let p be -4*((-9)/(-30))/(-3)*5. Suppose 0 = -t - p*t + 297. List the prime factors of t.
3, 11
Let c(n) = -12*n + 8*n + 5*n**2 + 3*n + 1. What are the prime factors of c(-6)?
11, 17
What are the prime factors of (17/85)/((-6)/(-15))*1044?
2, 3, 29
Let j(r) = r**2 + r + 2. Let p be j(0). Suppose 4*q = -p*u + 56, -q - 126 = -5*u + 3*q. What are the prime factors of u?
2, 13
Let t = -378 - -269. Let b = -38 - t. What are the prime factors of b?
71
Let h(a) = 4*a - 21. Let w be h(16). Let g = 19 + w. What are the prime factors of g?
2, 31
Let f(g) be the second derivative of -g**6/240 - g**5/24 - g**4/4 - 6*g. Let x(c) be the third derivative of f(c). List the prime factors of x(-4).
7
Let k = 3555 + -2418. What are the prime factors of k?
3, 379
Suppose l + 8 = 3*l. List the prime factors of 631/4 + 1/l + -4.
2, 7, 11
Let l(s) = -s**2 + 7*s + 6. Let d = 19 - 13. Let o be (-25)/5*d/(-5). What are the prime factors of l(o)?
2, 3
Suppose 20 = 4*d, -3*r + 21 + 8 = 4*d. Suppose 4*m - 79 = x, -5*x - 20 = r*m - 108. List the prime factors of m.
3, 7
Let l be 9/2 + 2/4. Suppose l*g = 6*g - 94. List the prime factors of g.
2, 47
Let w(k) = -k + 11. Let i be w(8). Suppose i*l + 477 = 6*l. List the prime factors of l.
3, 53
Let x = 7649 + -4546. List the prime factors of x.
29, 107
Suppose -5*a = -3*n - 173, -3*a - 5*n + 168 = a. Let c = a + 3. Suppose 3*y + 2*y - c = 0. What are the prime factors of y?
2
Let o = 8 - 4. Suppose -o*p = -p - 12. Let i(t) = 10*t - 3. List the prime factors of i(p).
37
Suppose 5*i - 3*w - 1988 + 663 = 0, 795 = 3*i + w. Suppose 2*h = -5*m + i, -5*m + 0*m = -4*h + 545. List the prime factors of (-24)/9*h/(-12).
2, 3, 5
Let x(z) = 52*z - 78. What are the prime factors of x(9)?
2, 3, 5, 13
Let k be (-2 + (1 - 1))/(2/(-4)). Suppose 5*f = k*t + 458, -2*t = -5*f - 3*t + 448. List the prime factors of f.
2, 3, 5
Let b be 8/(-12) - 8/(-3). Suppose -3 = b*l - 9. Suppose -l*u - m = -99, 6 = -4*u - 2*m + 140. List the prime factors of u.
2
Suppose -3*z - 4*p = -30, -27 = -0*z - 2*z - 5*p. Suppose 7*d = 3*d + 28. Let x = z + d. What are the prime factors of x?
13
Suppose -p + 2*n = -331, 11*n - 677 = -2*p + 10*n. List the prime factors of p.
337
Let q = -1704 + 2766. List the prime factors of q.
2, 3, 59
Let q(z) be the second derivative of z**4/6 - z**3/3 + 9*z**2/2 - 2*z + 12. Let g(h) = h**2 + h - 1. Let x be g(-3). What are the prime factors of q(x)?
7
Let p = 8544 - 5837. List the prime factors of p.
2707
Suppose -136430 = -6*z - 29*z. What are the prime factors of z?
2, 1949
Suppose -11*r - 448 + 1900 = 0. What are the prime factors of r?
2, 3, 11
Suppose 0